9 - 8). Let c = b + -101. What are the prime factors of c?
2, 37
Let w(j) = 10*j**2 - 2*j + 6. Let n(r) = 3*r + 28. Let f be n(-8). List the prime factors of w(f).
2, 79
Let d(p) = 13*p**2 + 2*p - 10. List the prime factors of d(8).
2, 419
Let z(c) = c**2 + 10*c - 201. What are the prime factors of z(-31)?
2, 3, 5
Suppose 14*t = 9*t - 1105. Let j = t - -392. List the prime factors of j.
3, 19
List the prime factors of 2/(-5 + 539/105).
3, 5
Let z(b) = b**2 + b - 1. Let x(v) = 6*v**2 + 11*v - 1. Let c(p) = -x(p) + 5*z(p). Let d be c(-6). List the prime factors of 2/(d/(-16) - 0).
2
List the prime factors of (114760/(-114))/(4/(-3)).
5, 151
Let d be (-4 + 5 - -192) + 5. Let z = -34 + d. List the prime factors of z.
2, 41
Let u be (-4)/3 - (-394)/(-6). Let l = u - -158. What are the prime factors of l?
7, 13
Let t be (14/6)/(9/135). Suppose -t = -v + 31. Suppose -7*k + 4*k = -v. What are the prime factors of k?
2, 11
Suppose 12 - 28 = 3*x + 4*n, -x - 20 = 5*n. Suppose x = 4*q + 11 + 13. Let u(d) = d**2 + 5*d - 2. What are the prime factors of u(q)?
2
Let n be 0 - 37 - (-3 - -3). Let r = n - -112. List the prime factors of r.
3, 5
Let y(q) = -q**3 + 7*q**2 + 10*q + 5. Let r = -14 + 4. Let j = 18 + r. What are the prime factors of y(j)?
3, 7
Let h = 39 + 41. Let x = -49 + h. Suppose 3*p - x - 29 = 0. List the prime factors of p.
2, 5
Let c(f) = f + 13. Let l be c(14). Let u = l + -47. What are the prime factors of u/(-12)*(-1 + 4)?
5
What are the prime factors of (-2076)/(-4) + 3 + -1?
521
Let g(k) = -3*k**3 - 5*k**2 + 96*k - 11. List the prime factors of g(-10).
11, 139
Let x be ((-11)/(-3) - 4)*-6. Suppose 3*c + 2*m = 214, -x*c - 2*m = m - 136. What are the prime factors of c?
2, 37
Suppose 0 = -16*d + 26*d - 130. What are the prime factors of d*9*(3 + 6/(-3))?
3, 13
Let s be 254/(-7) + (-10)/(-35). Let l = -32 - s. What are the prime factors of l?
2
Suppose -2*y - 2*y = 5*n, 0 = 5*y + 3*n. List the prime factors of 8/(4/2) + y.
2
Let f(n) = -3*n**2 - 2*n**3 + 36*n - 6*n**2 + 3*n**3 - 28*n - 27. What are the prime factors of f(9)?
3, 5
Let t(s) = -138*s - 347. What are the prime factors of t(-9)?
5, 179
Let n = 132 - -658. List the prime factors of n.
2, 5, 79
Suppose 0 = -3*n - 654 + 2751. What are the prime factors of n?
3, 233
Suppose d + 79 = 4*c, -c = 3*d - 3*c + 257. List the prime factors of (2/3)/(2/9) - d.
2, 3, 5
Suppose 0 = 2*d - 4*k + 4 - 16, d = -4*k + 6. Let f be (-20)/(-9) - d/27. Suppose -f*t - 116 = -5*p - 6*t, 0 = 5*p + 3*t - 112. What are the prime factors of p?
2, 5
Let h be (-2 - -238) + -2 + -4 + 7. Let s = h + -113. List the prime factors of s.
2, 31
What are the prime factors of (110/77)/((-4581)/(-2289) - 2)?
2, 5, 109
Suppose 0 = 5*t - 11*t. Suppose 3*x + 5*d + 70 = 8*x, t = -d - 3. What are the prime factors of x?
11
List the prime factors of (4*-14 + 4)/((-6)/24).
2, 13
List the prime factors of (-322)/(-115)*(-715)/(-2).
7, 11, 13
Let f(n) = -83*n**3 + 3*n + 2. Let a(g) = 2*g - 15. Let p be a(7). What are the prime factors of f(p)?
2, 41
Let f = 3055 + -1814. What are the prime factors of f?
17, 73
Suppose 7 = -2*v - 7. Let r = v - -12. Suppose -2*p - 47 = -r*l + p, 0 = 5*l + 3*p - 23. What are the prime factors of l?
7
What are the prime factors of -3 + -3 + 5 + 164?
163
Suppose 2*m - m - 306 = 2*y, -y = 3*m - 904. Let d = m + -158. List the prime factors of d.
2, 3
Suppose 3*k + 2*k = -30. Let v be (-3)/(-9) + 32/k. Let g(x) = 2*x**2 + 6*x + 4. List the prime factors of g(v).
2, 3
Let s be ((-20)/2)/(-2) + 0. Suppose 3*v + s*z = 1, -2*v - 4*z + 0 = -2. List the prime factors of 24 - 4/((-4)/v).
3, 7
Let r(z) = -z**2 + 30*z - 40. Let b(i) = 19*i**2 - 6*i + 3. Let x be b(1). What are the prime factors of r(x)?
2, 23
Let u(n) = n**3 - 12*n**2 + 8*n - 20. Let q be u(8). What are the prime factors of (q - -3 - -3)/(-3 - -1)?
103
Let m(r) = -317 + 2*r**2 + 0*r**2 + 318 + 7*r**2. List the prime factors of m(-1).
2, 5
Let l(b) = -91*b**3 + 3*b**2 - 2. What are the prime factors of l(-1)?
2, 23
Suppose -1247 = -8*d + 2033. What are the prime factors of d?
2, 5, 41
Suppose -5*t + 2*t = 0. Suppose 0 = 4*d - t*d + 164. Let j = -22 - d. List the prime factors of j.
19
Let c be (1 + 0)/(2/48). Suppose -8 = -4*g + c. Let k(j) = 3*j - 6. What are the prime factors of k(g)?
2, 3
Suppose -586 = -i + 5*b + 112, -3513 = -5*i + 2*b. What are the prime factors of i?
19, 37
Let c(s) be the third derivative of 7*s**6/360 - s**5/120 - s**3 + 7*s**2. Let o(k) be the first derivative of c(k). What are the prime factors of o(-2)?
2, 3, 5
Let c(r) = 4*r**2 - 17*r + 53. List the prime factors of c(15).
2, 349
Let r be (0 + -3)*(5 - 2). Let q = 60 + r. List the prime factors of q.
3, 17
Let t(h) = h**2 - 11*h + 18. Let m = -11 - -26. What are the prime factors of t(m)?
2, 3, 13
What are the prime factors of 30/40*(722 + 2)?
3, 181
Let k be (8/20)/((-4)/(-20) - 0). Suppose 0 = -y - 5*u + 35, k*y = -3*u - 15 + 92. What are the prime factors of y?
2, 5
Let x = 118 + -76. Suppose -4*t + 350 = 2*i, -3*t + 6*i - 2*i = -268. Let o = t - x. List the prime factors of o.
2, 23
Let i(v) = v + 1. Let z(y) = 7*y + 2. Let w(u) = 6*i(u) - z(u). Let f be w(-4). Let n = -1 + f. What are the prime factors of n?
7
Suppose 5*i = -4 - 21, t = -5*i + 59. Suppose 376 = 5*r - t. List the prime factors of r.
2, 23
Let s(y) = 6*y + 146*y**2 + 2 - 144*y**2 + 12*y. Let n be s(-9). Suppose u - 36 = -2*x, -2*u = -n*x - 52 - 38. What are the prime factors of u?
2, 3, 7
Let d be 24/(-32)*(-144 + (-2 - -2)). Let y = d - 63. List the prime factors of y.
3, 5
Let a = -160 + 1288. Suppose 546 + a = 9*i. List the prime factors of i.
2, 3, 31
List the prime factors of 15/12 + ((-5975)/(-20))/5.
61
Suppose -8701 = -6*u - 3049. List the prime factors of u.
2, 3, 157
Let j = 923 + -659. List the prime factors of j.
2, 3, 11
Let u = -635 - -970. What are the prime factors of u?
5, 67
Let l(z) = -2*z**3 + 2*z**2 - z - 2. Let a be l(2). Let p(h) = -h**2 - 13*h + 21. What are the prime factors of p(a)?
3, 11
Suppose 2*s = 467 + 35. List the prime factors of s.
251
Let y(v) = 4*v**2 - 36*v - 434. What are the prime factors of y(-21)?
2, 7, 149
What are the prime factors of (0 - 30/24)*-164?
5, 41
Let q be (-2 - 0 - -3) + 0 + 5. Suppose 0 = -q*y - 2*y + 1176. List the prime factors of y.
3, 7
Let h be ((-24)/(-10))/(4/40). Let k(i) = -i**3 + 10*i**2 - 2. Let s be k(10). List the prime factors of (8/h)/(s/(-186)).
31
Suppose -d = -4*o + 4*d + 249, -117 = -2*o - 5*d. Let h = o + -35. Suppose -2*l + 0 + h = 0. List the prime factors of l.
13
Suppose -3*s + 2*w + 1074 = -195, 2*s + w = 839. List the prime factors of s.
421
Let u be ((-2)/(-4))/(2/(-720)). Let k be (9 + (15 - 13))/(2/(-22)). Let o = k - u. What are the prime factors of o?
59
Let v = 15 + -12. Suppose -3*m - v = -33. Suppose 0 = -0*h + 5*h - m. What are the prime factors of h?
2
Let b = -540 - -1276. What are the prime factors of b?
2, 23
List the prime factors of (-14 + 77210/28)*4/6.
31, 59
Let v(k) = -604*k + 186. What are the prime factors of v(-8)?
2, 13, 193
Let y(h) = -h**3 - 11*h**2 + 4*h - 23. Let c = -46 - -33. What are the prime factors of y(c)?
263
Let t(d) = -6*d**2 - d - 5. Let u be t(4). Let n = -197 + 227. What are the prime factors of ((-40)/7)/(n/u)?
2, 5
Let b = -105 - -181. Suppose -l - 3*t + 38 = l, b = 4*l + 3*t. What are the prime factors of l?
19
Let z be (-40)/(-90) - 23/(-9). Suppose z*k = -15, 4*j = 2*j - 4*k + 24. List the prime factors of j.
2, 11
Suppose 317*w = 318*w - 1183. List the prime factors of w.
7, 13
Let l = 37 + -57. Let x be l/15*-3*7. Suppose m - 35 = x. List the prime factors of m.
3, 7
Suppose 11633 = -96*o + 372017. List the prime factors of o.
2, 1877
Suppose 0 = -13*b + 6993 + 19137. What are the prime factors of b?
2, 3, 5, 67
Let t be (12/14)/(4/224). Suppose -10*j = -8*j - t. Suppose -5*c = -326 - j. List the prime factors of c.
2, 5, 7
Suppose 5*c = 2*c + 9. Suppose -2*m - 78 = -c*x + 2*m, -26 = -x + m. Suppose b - x = -0*b. What are the prime factors of b?
2, 13
Let u be (4/(-2))/((-2)/30). Let q = 62 - u. List the prime factors of q/7 + (-3)/(-7).
5
What are the prime factors of 1 + 243 + (2 - 2 - 4)?
2, 3, 5
Suppose 2 = -5*f + 6*f. Suppose -b - f*b = -213. Let k = b - 50. 